1?
a0478
In base 15, what is -354 - -68c?
338
In base 14, what is -4 - -1dc6?
1dc2
In base 5, what is -12332 + -142?
-13024
In base 10, what is 391 + -5374?
-4983
In base 14, what is -25 + -409?
-430
In base 15, what is -4 - 78990?
-78994
In base 3, what is 2102020121 - 11?
2102020110
In base 3, what is -11102202 - 22?
-11110001
In base 14, what is -13a3 + b6?
-12cb
In base 11, what is -2a708 + -3?
-2a710
In base 3, what is 10 - -2002111001?
2002111011
In base 14, what is -85bdd + -5?
-85c04
In base 10, what is -33 - 447?
-480
In base 9, what is 1 - 82788?
-82787
In base 10, what is 0 + -22619?
-22619
In base 3, what is 120001100 + -12?
120001011
In base 8, what is -130274 + 1?
-130273
In base 16, what is 1 - -2a9dc?
2a9dd
In base 2, what is 10 - 10001101110000?
-10001101101110
In base 11, what is 406 - -352?
758
In base 12, what is 8a7a - 1?
8a79
In base 4, what is -300211230 + -11?
-300211301
In base 5, what is -2330204 - 2?
-2330211
In base 13, what is -15 + -6b3?
-6c8
In base 12, what is -3aa - -1232?
a44
In base 3, what is -122001111210 - -10?
-122001111200
In base 10, what is 13 + 3437?
3450
In base 11, what is -60566 + -2?
-60568
In base 16, what is bb3 - -a?
bbd
In base 10, what is -1412 - 0?
-1412
In base 13, what is -112c - -56?
-10a6
In base 3, what is 200 + 20002212?
20010112
In base 14, what is 0 - -16017?
16017
In base 13, what is c + 4654?
4663
In base 6, what is 0 + 102012?
102012
In base 4, what is 110 - 211110?
-211000
In base 12, what is 1805728 + 4?
1805730
In base 7, what is 0 - 5141140?
-5141140
In base 5, what is -3240 - -321?
-2414
In base 12, what is -4 - -195b3?
195ab
In base 15, what is d + -4d3?
-4c5
In base 13, what is -7c9a + -1?
-7c9b
In base 9, what is -1 + -8860?
-8861
In base 12, what is 12 + 2582?
2594
In base 6, what is 150454 - 3?
150451
In base 7, what is 4 - 12554?
-12550
In base 7, what is 5 - 3420464?
-3420456
In base 5, what is 1103 - 124222?
-123114
In base 7, what is 1031244 + 5?
1031252
In base 2, what is 1011 - -10011100110100000?
10011100110101011
In base 7, what is -316 + 1324?
1005
In base 4, what is -11 - 331123010?
-331123021
In base 7, what is 1 + 15663421?
15663422
In base 6, what is -52 + -1424035?
-1424131
In base 7, what is 1 + -10020505?
-10020504
In base 8, what is -564 + -2200?
-2764
In base 6, what is 45 + 1044034?
1044123
In base 16, what is -e + 5a9a?
5a8c
In base 8, what is -4 + 4745?
4741
In base 7, what is 244 - -21331?
21605
In base 6, what is -4 + -22540155?
-22540203
In base 12, what is 3 + -10071?
-1006a
In base 9, what is 68266 - -34?
68311
In base 11, what is 117 + 6962?
6a79
In base 14, what is d + 5c140?
5c14d
In base 14, what is 2 + 482d?
4831
In base 10, what is 5196 + 0?
5196
In base 16, what is 2 - 4321d?
-4321b
In base 3, what is 120021220101 - -11?
120021220112
In base 4, what is -200 + -1033131?
-1033331
In base 4, what is -33131302 - -11?
-33131231
In base 11, what is -129a65 + -3?
-129a68
In base 12, what is -10 + -3b6b?
-3b7b
In base 6, what is 3420 - 14?
3402
In base 9, what is 2 - 83167?
-83165
In base 12, what is 27356 - -9?
27363
In base 12, what is 8 + -39514?
-39508
In base 14, what is -1b - 2a6?
-2c3
In base 12, what is 65a + -a7?
573
In base 5, what is -4 + 142433121?
142433112
In base 5, what is 1 + -2133023?
-2133022
In base 8, what is 1436 - -51?
1507
In base 13, what is -b1a + -12?
-b2c
In base 11, what is a5231 - 4?
a5228
In base 14, what is -9bdb + -4?
-9c01
In base 10, what is 1106 + -3145?
-2039
In base 9, what is -1305 - -23?
-1272
In base 13, what is -50 + baa?
b5a
In base 8, what is -11 + -22755?
-22766
In base 6, what is -5 - 543345?
-543354
In base 16, what is 22ac - -2?
22ae
In base 3, what is 10101 - -10000?
20101
In base 8, what is -1 - 76234?
-76235
In base 14, what is -a - 706?
-712
In base 13, what is -7 + -10019b?
-1001a5
In base 9, what is -176545 + -3?
-176548
In base 5, what is -10402331 - 124?
-10403010
In base 11, what is 222248 + 1?
222249
In base 13, what is -2a330 - 3?
-2a333
In base 5, what is 103011 - 221?
102240
In base 7, what is -4 + 44213?
44206
In base 16, what is 51 - -108c?
10dd
In base 11, what is -38927 - -4?
-38923
In base 2, what is 100000001 - 111100111?
-11100110
In base 16, what is -5 + -1f9bf?
-1f9c4
In base 9, what is 1688887 + -4?
1688883
In base 7, what is 3 - -32620?
32623
In base 14, what is ccb + 192?
107d
In base 16, what is -447f - 4?
-4483
In base 4, what is 200 + -2020213?
-2020013
In base 4, what is -110 + -222213?
-222323
In base 4, what is -1220332031 - -11?
-1220332020
In base 12, what is -134b + -635?
-1984
In base 6, what is 45 - -210200?
210245
In base 13, what is -5 - b1ab?
-b1b3
In base 3, what is 101 + 11220022111?
11220022212
In base 12, what is 1 + -42037?
-42036
In base 11, what is 2203a0 + -4?
220397
In base 4, what is 101023031 + -10?
101023021
In base 12, what is 85 + -93?
-a
In base 15, what is 14cb + -e3?
13d8
In base 12, what is -4349a - -3?
-43497
In base 8, what is 20674 - -4?
20700
In base 10, what is -136 + -421?
-557
In base 16, what is 22 + 8f0?
912
In base 7, what is 0 + -104363?
-104363
In base 13, what is -1415c - 1?
-14160
In base 5, what is -40031012 - 4?
-40031021
In base 9, what is -3301 + 44?
-3246
In base 3, what is -2022111122220 + 12?
-2022111122201
In base 7, what is -122262444 - -1?
-122262443
In base 11, what is -666392 + 4?
-666389
In base 3, what is 10200111 - 1?
10200110
In base 15, what is 2a03c - 1?
2a03b
In base 9, what is -7 + -15545?
-15553
In base 3, what is -1201200201 + -10?
-1201200211
In base 9, what is 5 + -8164?
-8158
In base 16, what is -75e + -46?
-7a4
In base 13, what is 506 - 2cc?
207
In base 16, what is 1 + -1466a?
-14669
In base 9, what is -108 - -47002?
46783
In base 3, what is 10 + 21120000002?
21120000012
In base 15, what is 0 + bb22d?
bb22d
In base 11, what is 2a2252 + -4?
2a2249
In base 15, what is 0 - 5307?
-5307
In base 11, what is -10a843 + 0?
-10a843
In base 15, what is -15b75 + 0?
-15b75
In base 15, what is -4 + -5398?
-539c
In base 3, what is 11 + 22221200?
22221211
In base 2, what is 11101 + 1100111111011100?
1100111111111001
In base 10, what is -8 + -3326?
-3334
In base 7, what is -12 - 12666?
-13011
In base 7, what is -22211 + 3?
-22205
In base 4, what is 3312230 - 1321?
3310303
In base 10, what is 55515 + -4?
55511
In base 16, what is 124d2 + -2?
124d0
In base 11, what is 0 - -143162?
143162
In base 11, what is 5691 + 23?
5704
In base 12, what is -1643 - -393?
-1270
In base 9, what is -8 - -21045?
21036
In base 16, what is 238 + 856?
a8e
In base 10, what is -4 - 500505?
-500509
In base 12, what is 2088 + 5?
2091
In base 12, what is b + b55a0?
b55ab
In base 4, what is -13330301 - 1030?
-13331331
In base 5, what is -10 - -1343?
1333
In base 4, what is -2 - 32213003?
-32213011
In base 10, what is -4 + -6641?
-6645
In base 14, what is -a24 + 91?
-973
In base 7, what is -20136453 + 3?
-20136450
In base 2, what is -1001100001 + -10000110?
-1011100111
In base 7, what is -3645 - 23?
-4001
In base 14, what is 45969 - 2?
45967
In base 4, what is 21 + -2312?
-2231
In base 8, what is 2335 + -2343?
-6
In base 4, what is 13131 + -10022?
3103
In base 11, what is 2a1420 + -1?
2a141a
In base 14, what is 1ac17 + 5?
1ac1c
In base 5, what is -23312104 - -10?
-23312044
In base 5, what is -11401 + -121?
-12022
In base 6, what is -4 - -20001511?
20001503
In base 6, what is 40224404 - -2?
40224410
In base 10, what is 2985 + -21?
2964
In base 14, what is 14b7 - d?
14a8
In base 14, what is -14d5 - 54?
-1549
In base 15, what is 8247 - 15?
8232
In base 3, what is 2122010222 - 1?
2122010221
In base 10, what is -3676 - -721?
-2955
In base 14, what is 27 + 783?
7aa
In base 15, what is -69ea8 + 3?
-69ea5
In base 8, what is 115 + -260?
-143
In base 13, what is 3aa21 + -4?
3aa1a
In base 10, what is -141030 - 4?
-141034
In base 14, what is 10187 - 1?
10186
In base 2, what is 0 + -10100101111000011?
-10100101111000011
In base 4, what is -110021 + -13203?
-123230
In base 7, what is 11 - 24324?
-24313
In base 13, what is -2b49c - -2?
-2b49a
In base 11, what is -2 - -100526?
100524
In base 14, what is 113 + d01?
1014
In base 6, what is -30 - 34135?
-34205
In base 12, what is -99 + 88?
-11
In base 15, what is -e91c + -1d?
-e93a
In base 10, what is 3675 + 144?
3